et b(w) = w**3 + 30*w**2 + 34*w - 27. Is b(-23) a prime number?
False
Is ((-6 - -3) + 2)*(-8 + -4629) a composite number?
False
Let o(h) = h**3 - 6*h**2 + 4*h + 5. Let f be o(5). Suppose f = -5*j + 20, -n - 3*j + 3 = -2*j. Let m(p) = -52*p + 1. Is m(n) a composite number?
False
Let p(z) = 50*z + 89. Is p(15) a composite number?
False
Let q(g) = g**2 + 2*g - 40. Let k be q(6). Let x = -1 + 1. Suppose 365 = -x*r + 3*r + 2*l, -4*l = k. Is r a prime number?
False
Let n(z) = z**2 + 3*z + 1139. Is n(0) a composite number?
True
Suppose 52*x + 2365 = 57*x. Suppose -12*y = -13*y + x. Is y a prime number?
False
Suppose q - 104 = -44. Let u = 97 + q. Is u a prime number?
True
Let f(m) = 6*m**3 + 2*m**2 - 6*m - 12. Let w(h) = 5*h**3 + 3*h**2 - 6*h - 11. Let q(t) = -6*f(t) + 7*w(t). Let d = 39 + -33. Is q(d) composite?
False
Let f = -3921 + 6850. Is f a prime number?
False
Let w = -20 + 24. Suppose x - w*x + 633 = 0. Is x composite?
False
Suppose 3*k + 3*y - 13 = k, -2*k - 2*y + 12 = 0. Suppose -2 = -2*g, 0*g + 5259 = k*v + 4*g. Suppose 4*u - 4*o - v = -u, -u = 4*o - 215. Is u composite?
False
Let b(j) = 4*j + 184*j**2 - 5*j + 0*j. Let f be b(1). Suppose f + 227 = 2*i. Is i prime?
False
Is 12/30 - 0 - (-54346)/10 a composite number?
True
Is 3365/5 - 8/6*3 a composite number?
True
Let h(g) = -g**3 + 15*g**2 - 15. Let s be h(15). Let i = s + 20. Suppose 0 = v + v + j - 257, -j - i = 0. Is v prime?
True
Let m = 2825 + -1348. Is m a prime number?
False
Let v be (4/(-3))/(30/(-9045)). Suppose -3*x + 613 = 3*h + 2*h, -v = -2*x - 5*h. Is x prime?
True
Is -838*(5/5 + 21/(-6)) a prime number?
False
Let j = -27 + 57. Suppose -j*k = -27*k - 12813. Is k a prime number?
True
Suppose 4*r - 5*v - 93526 = 0, 0 = -2*r + r - 2*v + 23375. Is r a composite number?
True
Let v(d) = 5461*d**3 - 4*d**2 + 9*d - 12. Is v(2) prime?
False
Let l(k) be the third derivative of k**5/30 + k**4/8 + 10*k**2. Let x be l(-2). Let c(z) = 27*z**3 + 3*z**2 - 4*z + 3. Is c(x) composite?
False
Let f(h) = -h + 2. Let c be (6/(-9))/(4/(-78)). Let w(j) = j**2 - 12*j - 18. Let r be w(c). Is f(r) prime?
True
Let a be ((-2)/(-2) + 5)*(-4)/(-3). Let y = 102 - a. Is y a composite number?
True
Let h = -52535 + 74916. Is h a composite number?
False
Let z(i) = 923*i + 187. Is z(14) a prime number?
True
Suppose 48 = 4*d - 32. Is (557/2)/(d/40) a composite number?
False
Is (-4 - -3 - -18923)/(1 + 1) a prime number?
True
Suppose 23599 = b - 0*b. Is b a composite number?
False
Let u(y) = -2053*y - 575. Is u(-9) composite?
True
Is ((-3)/(12/(-2)))/((-1)/(-12458)) prime?
True
Suppose -22562 = -3*n + 10357. Is n a prime number?
True
Let f(t) = -9*t + 3. Let o be f(5). Let m = o - -3. Let b = 110 - m. Is b a composite number?
False
Let o = -408 - -899. Is (o - -2)/((-1)/(-1)) a composite number?
True
Let j = -5871 + 14328. Is j a composite number?
True
Let i = 146 + -144. Suppose -6142 = -3*j + w, 0 = -4*j - i*w + 5078 + 3128. Is j a prime number?
False
Suppose 0 = -n + 2 - 0. Suppose n*q - 3 = -q. Is (-1 + 0)/(q/(-179)) a prime number?
True
Suppose 6*j - 10*j - 3*k + 2795 = 0, 1393 = 2*j + 3*k. Suppose 2*o - 4*l - 697 = -o, j = 3*o - 2*l. Is o prime?
False
Let x(y) = 36*y + 3. Let u be x(2). Let a = -15 + u. Let d = a - -233. Is d prime?
True
Suppose -3*t - 3*a = -2*t - 760, -5*a = t - 768. Let y = -890 - -449. Let f = t + y. Is f composite?
False
Suppose -4661 = -7*d + 736. Suppose b = 0, 5*x + 4*b + 26 = d. Is x a composite number?
False
Is ((-14206)/(-10))/((-22)/(-110)) prime?
True
Let r be 20/(-35)*(-21)/6. Suppose -4*h = -n - 3*n - 2272, -r*h = 2*n - 1116. Is h a composite number?
False
Suppose -969 = -6*l - 51. Let y = l + 178. Is y composite?
False
Let w(y) = y + 1. Let b be w(5). Let h(z) = 3*z**3 - 6. Let t be h(b). Suppose -t - 313 = -5*d. Is d prime?
True
Suppose -3 - 3 = -3*c. Let p be (-243)/3 - (c - 4). Let a = 18 - p. Is a composite?
False
Suppose 1049 = 2*z - 3*k, 1573 = -2*z + 5*z - 5*k. Suppose 6*b = 4*b - 522. Let q = z + b. Is q a prime number?
False
Let j = -4250 + 7549. Is j a prime number?
True
Let u = -362 - -226. Let f = 4 - u. Let k = f + -81. Is k prime?
True
Suppose 3*p - 4*c - 36719 = 0, 4*c + 6 = c. Is p a prime number?
False
Suppose -3*h = -8*h + 20, 3*n + h = 754. Let w = n - -217. Is w composite?
False
Suppose -27 + 9 = -3*g. Suppose 3*c - 5*c = -g. Suppose c*o - 56 = 97. Is o a composite number?
True
Suppose -2*w = -5*c - 59, 3*c = -5*w + 10 - 33. Is 2/c - (-4910)/22 a prime number?
True
Let a be (-33)/(1 - 0) + 4. Let r = -29 - a. Suppose 0 = -r*o - 5*o + 1895. Is o a prime number?
True
Let z = -1432 - -2411. Is z a composite number?
True
Let i = 0 - 24. Is i/(-156) - (-7616)/13 a composite number?
True
Suppose -10 = 2*i - 3*i + 2*g, -4*i - 5*g = 25. Suppose f - 2 = 0, i = -2*q - 2*q - f + 3142. Is q composite?
True
Let u(o) = o**3 + o**2 + 2*o - 5. Is u(8) a prime number?
True
Let k(v) = 2*v**2 - 6*v - 29. Let b be k(9). Suppose o - 10 = -d, -3*d = -4*o - 0 + 5. Suppose -1074 = -o*j - b. Is j a composite number?
False
Suppose 0 = j + 4*j + 160. Let d = j + 34. Is (2/(-6))/(d/(-654)) prime?
True
Suppose -4*d + 13 = 2*y - 17, 2*y = d + 35. Let b = y - 14. Suppose -184 = -4*h - 4*k, -b*k = 5*h - h - 181. Is h a composite number?
False
Let q(s) = s + 1. Let j(x) = x**2 - 9*x + 6. Let b be j(8). Let r be q(b). Is 3 + r + (-1323)/(-9) a prime number?
True
Suppose 357*i = 353*i + 34564. Is i a composite number?
False
Suppose 59*d = 64*d - 27445. Is d composite?
True
Let i(t) = 2*t + 20. Let d be i(-9). Suppose -d*r = r - 951. Is r composite?
False
Let r(v) be the third derivative of -v**6/120 - v**5/30 + 5*v**4/24 - 3*v**3 + 6*v**2. Is r(-8) composite?
True
Let q(u) = 48*u**2 + 6*u + 7. Suppose -2 = i - 2*z, 3*i + 6 = -3*z - z. Is q(i) composite?
True
Let c = 3622 + -2467. Let v = -793 + c. Suppose 0 = 3*y - 172 - v. Is y prime?
False
Let p = 24 + -30. Is (-3)/p - (-2330)/4 composite?
True
Is (-9)/(-21) - -8*621890/140 a prime number?
True
Suppose -3 = 4*v + 1, -4*q + 3*v + 27 = 0. Let x be ((-8)/(-6))/(4/q). Suppose -x*k + 620 = 2*k. Is k prime?
False
Suppose -22 - 6 = -7*f. Suppose -3*n = 4*b - 1225, -f*b + 1226 = -0*b + 2*n. Is b a prime number?
True
Let l(h) = 157*h + 20 - 20. Is l(3) a composite number?
True
Let o(f) = 37*f**2 - 6*f - 6. Let d(z) = z**3 - 6*z**2 + 2*z - 7. Let l be d(6). Is o(l) prime?
False
Suppose 0 = -3*m + m + 4. Suppose -2*f = m - 78. Is f a composite number?
True
Suppose 5*k + 4*b - 23949 - 40745 = 0, -5*b + 12943 = k. Is k composite?
True
Let c(o) be the first derivative of o**4/2 - o**3/3 - 5*o**2/2 + 2*o - 9. Let u be c(2). Suppose b + 2*p - 23 = -3*p, -23 = -b - u*p. Is b a prime number?
True
Suppose -4*o - 12107 = -3*x, -3*x - 9*o + 12116 = -4*o. Is x a composite number?
True
Let p = -573 - -573. Suppose -3*b = -2*y - 279, -173 = -b - b - 3*y. Suppose -q = -p*q - b. Is q a composite number?
True
Let a(b) = -387*b - 24. Let y be a(13). Is ((-6)/9)/(10/y) prime?
True
Suppose 4*k - 370 = -s, s - 85 = -k - 3*s. Is k a prime number?
False
Let s(a) = 8*a**2 + 4*a + 55. Is s(-6) composite?
True
Suppose 0*l = 5*l + 125. Let d = l + 1. Let r = d - -39. Is r composite?
True
Let v = 227 - -2730. Is v a prime number?
True
Let r(o) = o**2 + 5*o + 6. Let c be r(-4). Suppose -t + 3*b = -9, 0*b - c*b = 4. Is 438 - t*2/(-6) a composite number?
False
Suppose -33 = -6*l + 15. Let k(y) = 0*y**2 + 2 - 5*y + 6*y - 21 + y**2. Is k(l) a prime number?
True
Let b be 1/(-3)*(-17 + 20). Is (-13 - -12)*211*b prime?
True
Is (-11038)/(-5) - (-12)/(-20) prime?
True
Let x(c) = -c**2 + 15*c + 10883. Is x(0) prime?
True
Let w(y) = -y + 9. Let p(f) = 8. Let l(a) = 3*p(a) - 2*w(a). Let d be l(-4). Is d/(1 - (-171)/(-165)) a composite number?
True
Suppose -3*p + 36 = -2*t, -45 = -5*p + 2*p + 5*t. Let h = 8 - p. Is h + (-2 + 3)*141 a composite number?
False
Suppose -3*k + 246 = 2*g, 5*k - 410 = 3*g + g. Is k composite?
True
Suppose 5*f + 248 - 1013 = 0. Suppose 3*s = -3*g + 150, 0 = -s - 2*s - 4*g + f. Is s composite?
False
Let s be (-157)/(1/(-12) + 7/(-28)). Suppose 0 = 26*c - 29*c + s. Is c composite?
False
Suppose -92*d + 119796 = -80*d. Is d composite?
True
Suppose 2*q + 6*i = 5*i + 41222, -2*q - 2*i = -41222. Is q a prime number?
True
Let d = 1990 - 1115. Is -3 + d + (-6)/2 prime?